llions digit of 310146106?
3
What is the hundred thousands digit of 904164976?
1
What is the hundreds digit of 402406724?
7
What is the tens digit of 143827587?
8
What is the ten thousands digit of 2762091600?
9
What is the units digit of 939511852?
2
What is the millions digit of 20396811?
0
What is the tens digit of 368521598?
9
What is the units digit of 83349073?
3
What is the millions digit of 6599356821?
9
What is the hundred thousands digit of 61336217?
3
What is the ten thousands digit of 361652498?
5
What is the thousands digit of 259640045?
0
What is the thousands digit of 395085806?
5
What is the hundred thousands digit of 5725707449?
7
What is the hundreds digit of 90000524?
5
What is the ten thousands digit of 714721850?
2
What is the hundreds digit of 142636297?
2
What is the tens digit of 26542791?
9
What is the ten millions digit of 1868097383?
6
What is the ten millions digit of 100763122?
0
What is the hundred thousands digit of 98905980?
9
What is the ten millions digit of 318449047?
1
What is the ten thousands digit of 17941215?
4
What is the tens digit of 286575357?
5
What is the ten thousands digit of 176697425?
9
What is the ten millions digit of 1138866160?
3
What is the hundred thousands digit of 180276928?
2
What is the tens digit of 32301833?
3
What is the hundreds digit of 535742439?
4
What is the units digit of 1229057102?
2
What is the thousands digit of 1733050542?
0
What is the thousands digit of 198174602?
4
What is the tens digit of 5360765788?
8
What is the ten thousands digit of 15634475?
3
What is the billions digit of 5089493233?
5
What is the hundred thousands digit of 2037234091?
2
What is the ten millions digit of 71391797?
7
What is the ten thousands digit of 296851599?
5
What is the tens digit of 2202097117?
1
What is the hundred thousands digit of 62833565?
8
What is the hundreds digit of 879913078?
0
What is the thousands digit of 1290017826?
7
What is the millions digit of 658336388?
8
What is the hundred millions digit of 593232829?
5
What is the hundred thousands digit of 414462240?
4
What is the ten millions digit of 33302786?
3
What is the units digit of 247173534?
4
What is the ten millions digit of 386316122?
8
What is the units digit of 16612794?
4
What is the millions digit of 56092329?
6
What is the tens digit of 1719698180?
8
What is the millions digit of 79726707?
9
What is the thousands digit of 3100067?
0
What is the thousands digit of 4401197369?
7
What is the hundred thousands digit of 99944424?
9
What is the thousands digit of 99992338?
2
What is the billions digit of 3290041581?
3
What is the ten millions digit of 31498410?
3
What is the ten thousands digit of 1420967906?
6
What is the tens digit of 2034521861?
6
What is the ten millions digit of 456771061?
5
What is the hundreds digit of 55287147?
1
What is the ten thousands digit of 59216133?
1
What is the hundred thousands digit of 107856323?
8
What is the hundreds digit of 1008319537?
5
What is the hundreds digit of 182358830?
8
What is the billions digit of 5353759571?
5
What is the ten thousands digit of 32407963?
0
What is the ten thousands digit of 78271463?
7
What is the ten millions digit of 230642188?
3
What is the tens digit of 149982019?
1
What is the ten millions digit of 1397565118?
9
What is the ten thousands digit of 13863919?
6
What is the thousands digit of 253593345?
3
What is the thousands digit of 591062770?
2
What is the ten millions digit of 56720319?
5
What is the units digit of 1581007138?
8
What is the hundred thousands digit of 923401844?
4
What is the ten thousands digit of 853712655?
1
What is the hundred thousands digit of 64487975?
4
What is the millions digit of 88949443?
8
What is the hundred thousands digit of 74420582?
4
What is the hundred thousands digit of 47505927?
5
What is the hundred millions digit of 216907585?
2
What is the tens digit of 30134489?
8
What is the thousands digit of 84076422?
6
What is the hundred thousands digit of 703213040?
2
What is the thousands digit of 937844019?
4
What is the ten millions digit of 734045442?
3
What is the millions digit of 111117708?
1
What is the hundred thousands digit of 1884645?
8
What is the millions digit of 110753403?
0
What is the thousands digit of 25295056?
5
What is the millions digit of 61330833?
1
What is the hundred thousands digit of 259625826?
6
What is the millions digit of 770479579?
0
What is the tens digit of 81510442?
4
What is the ten thousands digit of 343941095?
4
What is the thousands digit of 846430389?
0
What is the tens digit of 945794750?
5
What is the thousands digit of 288347022?
7
What is the tens digit of 3605845206?
0
What is the hundreds digit of 66463176?
1
What is the units digit of 3944176470?
0
What is the hundreds digit of 28269595?
5
What is the ten millions digit of 161583779?
6
What is the tens digit of 3875980756?
5
What is the ten thousands digit of 228015597?
1
What is the millions digit of 2451419465?
1
What is the units digit of 522297418?
8
What is the thousands digit of 12423248?
3
What is the ten thousands digit of 2089291267?
9
What is the billions digit of 1215762230?
1
What is the hundred millions digit of 151114526?
1
What is the thousands digit of 81930504?
0
What is the tens digit of 30871671?
7
What is the ten millions digit of 98408186?
9
What is the ten thousands digit of 6526301893?
0
What is the tens digit of 47946866?
6
What is the ten millions digit of 97332570?
9
What is the ten thousands digit of 20124338?
2
What is the ten thousands digit of 562223296?
2
What is the thousands digit of 837552068?
2
What is the thousands digit of 116101497?
1
What is the ten millions digit of 282001980?
8
What is the hundred thousands digit of 1877019037?
0
What is the hundreds digit of 43443284?
2
What is the tens digit of 52220318?
1
What is the ten thousands digit of 35136990?
3
What is the tens digit of 5746277?
7
What is the millions digit of 45545582?
5
What is the millions digit of 79462686?
9
What is the hundreds digit of 57285262?
2
What is the units digit of 10973748?
8
What is the ten thousands digit of 1119226566?
2
What is the hundreds digit of 191834090?
0
What is the thousands digit of 303056578?
6
What is the hundred thousands digit of 108795382?
7
What is the units digit of 28750675?
5
What is the millions digit of 114965085?
4
What is the ten thousands digit of 114634828?
3
What is the units digit of 8558571514?
4
What is the tens digit of 1566888706?
0
What is the hundred thousands digit of 881609859?
6
What is the millions digit of 149632740?
9
What is the tens digit of 164799635?
3
What is the hundreds digit of 1534034390?
3
What is the hundred thousands digit of 59935679?
9
What is the thousands digit of 1079144722?
4
What is the ten millions digit of 6549561226?
4
What is the hundreds digit of 751216423?
4
What is the hundreds digit of 36452738?
7
What is the hundred millions digit of 803800429?
8
What is the thousands digit of 3829810?
9
What is the ten millions digit of 14550124?
1
What is the tens digit of 4648412404?
0
What is the tens digit of 148795063?
6
What is the hundred millions digit of 945344402?
9
What is the ten millions digit of 1250914880?
5
What is the millions digit of 19362042?
9
What is the billions digit of 4225525103?
4
What is the millions digit of 6967854001?
7
What is the hundreds digit of 3175618?
6
What is the ten thousands digit of 1428418203?
1
What is the ten thousands digit of 1971206790?
0
What is the hundreds digit of 95451006?
0
What is the thousands digit of 18487257?
7
What is the tens digit of 298024370?
7
What is the ten millions digit of 86675456?
8
What is the hundred thousands digit of 7412817693?
8
What is the ten thousands digit of 348839814?
3
What is the tens digit of 8878173671?
7
What is the millions digit of 115617890?
5
What is the thousands digit of 915162786?
2
What is the ten millions digit of 55280846?
5
What is the ten millions digit of 22481125?
2
What is the hundred thousands digit of 150553320?
5
What is the units digit of 575286837?
7
What is the hundred millions digit of 120370907?
1
What is the thousands digit of 123961185?
1
What is the ten thousands digit of 6897522678?
2
What is the hundred millions digit of 166